or of f and 96?
12
Let z be 108/(-30) - 4/10. Let f be 427/63 + z/(-18). Let k = 63 - -7. What is the highest common factor of f and k?
7
Let q(n) be the first derivative of -2*n**2 - 37*n - 8. Let m be q(-17). What is the greatest common factor of 279 and m?
31
Suppose -3*c - 60 = 3. Let w = 11 + c. Let p be ((-165)/(-6))/((-5)/w). What is the greatest common factor of p and 5?
5
Let a = -14 + 17. Let d(x) = 5*x + 6. Let n(q) = 14*q + 19. Let j(f) = -17*d(f) + 6*n(f). Let v be j(0). Calculate the highest common divisor of a and v.
3
Let l(s) = -19*s - 2. Let h be l(-2). Let k(n) = -n. Let z be k(-3). Suppose 0*a - 162 = -z*a. Calculate the highest common divisor of h and a.
18
Let t(a) = -7 + 2*a + 8 + 0*a. Let r(w) = -2*w**2 + 15*w - 2. Let y be r(7). Let o be t(y). Calculate the highest common factor of 11 and o.
11
Let k be 1/4 + 150/(-24) + 10. What is the highest common divisor of 28 and k?
4
Let d be (0 + -1)/((4/2)/6). Let z be (-8)/(4 + 11/d - 1). Calculate the highest common factor of z and 132.
12
Let x = -323 + 508. Suppose 8*j - 7*j - x = 0. What is the highest common divisor of 74 and j?
37
Suppose 3*n + c - 82 = 0, -4*c + 5*c + 74 = 3*n. What is the greatest common factor of n and 637?
13
Let a = 792 + 1864. Let x be ((-2)/(-6))/(1 - a/2664). What is the greatest common divisor of 74 and x?
37
Let a = 13 + 19. Suppose 0 = 24*n + 75 + 141. Let o be (3/(n/24))/((-1)/2). What is the greatest common factor of a and o?
16
Let z(j) = 59*j - 52*j + j**2 - 13 + 0*j**2. Let f be z(-9). Calculate the greatest common divisor of f and 40.
5
Let f = 566 - 419. What is the greatest common factor of 168 and f?
21
Let v(s) = 42*s**2 - 12*s + 18. Let r be v(2). Calculate the greatest common divisor of r and 81.
81
Suppose -y + 64 = 2*h, 4*h - 2*y - 128 = -0*y. Calculate the highest common divisor of 544 and h.
32
Suppose -8*d = -3*r + 462, -3 = 3*d + 6. What is the greatest common factor of 2117 and r?
73
Let p(z) = 5*z + 5. Let b be p(5). Let v = b - 16. Let t be ((-200)/30)/(6/(-63)). What is the highest common factor of t and v?
14
Let k be 1/2 - (-28)/8. Suppose -401 = k*h + 187. Let n = -91 - h. What is the greatest common factor of 8 and n?
8
Let f be (36/27)/(2/(-18)). Let k be 3/(-6) + (-402)/f. Calculate the greatest common divisor of k and 22.
11
Let n = -10 + 27. Suppose -5*u + 158 = -n. What is the greatest common factor of 7 and u?
7
Let q be -2 + 21 - 9/(-3). Let a(j) = j**3 + 3*j**2 - 2*j - 4. Let o be a(-3). Suppose -69 = o*f - 333. What is the greatest common factor of q and f?
22
Suppose -3*h + 2 + 1 = 0. Let i be h - (-1 - 6/3). Suppose 3*l = i*l - 4, 0 = 2*m + 4*l - 32. What is the highest common divisor of m and 32?
8
Let c(v) = -v**2 + 9*v - 8. Let q be c(5). Let t(m) = -11*m - 8. Let x be t(-5). Let g = x + 49. Calculate the highest common divisor of g and q.
12
Let v = -43 - 5. Let r = v + 87. What is the greatest common divisor of r and 312?
39
Suppose -59*u + 2217 = -261. Let c be ((-12)/(-10) - 2)*-35. Calculate the highest common divisor of u and c.
14
Let l(m) be the second derivative of 0 - 2/3*m**3 - 1/20*m**5 - 1/6*m**4 + 3*m + 0*m**2. Let i be l(-6). What is the highest common divisor of i and 21?
21
Suppose -58 = -3*h - 88*j + 83*j, 5*j + 20 = 0. Calculate the greatest common factor of h and 78.
26
Let g(u) = -u**2 - 11*u + 270. Let t be g(-18). Let s = 42 + -24. What is the highest common divisor of t and s?
18
Suppose 4*q = 3*b + 14 - 25, b - 5 = 0. Let v(h) = h + 10. Let k be v(-6). What is the greatest common divisor of q and k?
1
Suppose -12*m + 224 = -16*m. Let z = m + 29. Let g = 55 + z. Calculate the highest common divisor of g and 70.
14
Let s = 31 - 23. Suppose -1589 + 149 = -s*w. Calculate the greatest common divisor of w and 36.
36
Suppose 0 = -3*d - 0*t + 3*t + 426, -5*t = 5*d - 700. Let u = 237 - d. Suppose 2*a - 40 = -2*o, 17 - 1 = -4*o. What is the highest common divisor of a and u?
24
Let i be 2/(-4) - 1677/26. Let t be (-20)/25*i/2. What is the highest common factor of 26 and t?
26
Let s = -696 - -714. Calculate the highest common factor of 1746 and s.
18
Let d be 1/(-2)*-2 + 4. Let y be -2 + (-72)/(-30) + 258/d. Calculate the highest common divisor of y and 260.
52
Suppose -7*m = -2*m + 5*y - 5, 3*m = 2*y + 28. Suppose -2*c + 213 = -15. What is the highest common factor of m and c?
6
Let g(v) = v**3 - 13*v**2 - 14*v + 11. Let z be g(14). Let c be z*2 + 12/(-3). What is the greatest common factor of c and 9?
9
Let r be (11/(-3) + 4)*24. Let w be r*(-3)/6 + 121. Calculate the highest common factor of w and 13.
13
Let n = 104 - 9. Let s = 19 + -11. Suppose s + 49 = 3*z. What is the greatest common factor of n and z?
19
Let r(w) = -w**2 + 16*w + 3. Let l(c) = -2*c**3 + 7*c**2 + 5*c + 3. Let h be l(4). Let v be r(h). What is the greatest common divisor of 33 and v?
33
Let t be ((-12)/(-6) - -10)*(-207)/(-12). What is the highest common factor of 9 and t?
9
Let p(c) be the first derivative of -c**2/2 + 90*c - 8. Let w be p(0). Calculate the greatest common divisor of w and 10.
10
Suppose 0 = -31*a + 26*a + 30. Let u be 44/(1 + 3/(-9)). What is the greatest common factor of a and u?
6
Let c = -203 + 255. Calculate the greatest common divisor of c and 8.
4
Let c = 2 - -18. Let k = c - -356. What is the greatest common divisor of k and 47?
47
Suppose 0*h = -4*h + 284. Suppose -2*s = 3*w - 5*s + 201, 0 = w - 5*s + h. Let x be -3*(w/9 - -1). Calculate the highest common divisor of 19 and x.
19
Let d(c) = c**2 - 3*c - 155. Let g be d(15). Calculate the highest common factor of 160 and g.
5
Let w(v) = -1990*v - 15. Let m be w(-1). What is the highest common divisor of 25 and m?
25
Suppose 0 = 4*r - 0*i - 3*i - 260, -2*r + 4*i = -140. Calculate the highest common factor of r and 1457.
31
Suppose 32 = 2*f + 38. Let w be 2 + 3 - (-3 - f). Suppose 2*i = w*i - 81. What is the highest common factor of 9 and i?
9
Suppose -4*t = -4*v + 120, -57*v + 56*v + 42 = 5*t. What is the highest common factor of v and 2048?
32
Let a be (-5951)/(-44) - -12 - (-2)/(-8). What is the greatest common divisor of a and 21?
21
Let z(l) = l**3 - 13*l**2 + 16*l + 7. Let u be z(12). Suppose -3*c + 160 = u. Calculate the greatest common factor of 7 and c.
7
Let m = 463 + -153. Suppose 0 = 1706*y - 1701*y - 155. Calculate the greatest common divisor of m and y.
31
Let r = 63 + -30. Let d = -542 - -641. Calculate the highest common divisor of r and d.
33
Let h be (5/3)/((-1)/(-12)). Let m = -42 + 42. Suppose -c - 3*y - 11 = 0, m*y + y = 5*c - 25. Calculate the highest common divisor of h and c.
4
Let n(a) = -a + 15. Let o be n(15). Let x be -42*((-66)/9 + o). Calculate the greatest common factor of 28 and x.
28
Suppose 3*o + 31 = 2*k + 2*k, 3*o + 23 = 2*k. Let d(b) = 7*b**2 + 4*b + 4. Let c be d(k). Calculate the greatest common factor of c and 12.
12
Suppose 10*b - 8*b + 56 = 0. Let j = b - -48. Let d be 9/2 - (-1)/(-2). Calculate the highest common divisor of d and j.
4
Let c = 36 - -9. Suppose -5*f = -2*g - 17, 4*g + 0 = 5*f - 9. Calculate the greatest common factor of c and f.
5
Let r(u) = 4*u**2 - 29*u - 10. Let q be r(10). What is the highest common factor of 220 and q?
20
Let h(s) = s + 7. Let z be h(-7). Suppose -6 - 16 = -d + 4*g, -5*d + 5*g + 65 = z. Calculate the highest common divisor of 2 and d.
2
Let x(z) = -3*z**3 - 3*z**2 - 3*z. Let r be x(-3). Suppose -2950 - 7445 = -55*i. What is the greatest common divisor of i and r?
63
Let s(m) = m**3 + 8*m**2 + 7*m + 9. Let r be s(-7). Let d = 18 - r. Let p be d - (2 - 2 - 0). Calculate the greatest common factor of 9 and p.
9
Let r be (6/(-9))/((-52)/2418). What is the greatest common factor of r and 403?
31
Suppose -184 = -2*s + 454. Let h = -5175 + 5204. Calculate the greatest common divisor of s and h.
29
Let m be ((-36)/48)/((-15)/400). Calculate the greatest common divisor of m and 24.
4
Suppose -3*g + 14 + 16 = 0. Let l = g + -31. Let y = l - -50. What is the greatest common divisor of y and 29?
29
Suppose -4*p = -94 + 18. Let i be (-1)/2 + 1/(-2). Let b = p - i. Calculate the highest common divisor of 20 and b.
20
Let t(o) = o**2 - 5*o - 15. Let l be t(-6). Calculate the greatest common factor of 391 and l.
17
Suppose -114*d + 907 = -3653. Calculate the highest common fa